e the prime factors of h?
7, 131
Let c = -259 - -267. What are the prime factors of (1440/c + -2)/2?
89
Suppose -38 = 4*d + 146. Let k = d - -49. Suppose 4*b = -r + k*b + 97, -3*r = -3*b - 261. List the prime factors of r.
2, 23
What are the prime factors of 2*7435/(-4)*(-5 - (5 - 4))?
3, 5, 1487
Suppose s + 327 = -124. Let g = s + 729. What are the prime factors of g?
2, 139
Let b(h) = 56*h**2 + 270*h - 51. List the prime factors of b(-9).
3, 5, 137
Suppose -3*k - 3*x = -57978, 19*x + 4 = 15*x. List the prime factors of k.
7, 11, 251
Suppose 2*b - 14 = -18. Let c be 2 + (1 - 0) + b. What are the prime factors of -106*c/4*-2?
53
Suppose 4*z + 5*n - 46686 = 0, 20*z - 11680 = 19*z + 3*n. List the prime factors of z.
2, 13, 449
Suppose -22 + 13 = -3*s. Let u(t) = 270*t - 68. What are the prime factors of u(s)?
2, 7, 53
Let s(m) = 5*m - 152. Let b be s(31). Suppose b*n = -2*n + 2855. List the prime factors of n.
571
Suppose 122*p + 41208 = 144*p - 7390. List the prime factors of p.
47
Let s be ((-2)/5)/(14/(-770)). Suppose 11*k + s = 13*k. What are the prime factors of 363/k - (-4 - -1)/1?
2, 3
Let z(p) = p + 7. Suppose 7*c + 3*c = -20. Let b be z(c). Suppose 0 = 5*n + i - 5*i - 305, -n + 61 = -b*i. List the prime factors of n.
61
Let r(o) = -o**3 - 3*o**2 + 2*o + 7. Let x be r(-5). Suppose -35 = 4*d - x. Suppose d*j = 4*p - 408, -p - 3*j = -0*j - 102. What are the prime factors of p?
2, 3, 17
Suppose -2*s = -3*s - 4, -16 = -4*j + s. Let x(u) = u**2 + 14*u + 5. Let r be x(-13). List the prime factors of (-2)/(-8) + (-126)/r - j.
13
Suppose 2*f - 225 - 181 = 0. Suppose -1025 = -3*m - f. What are the prime factors of m?
2, 137
Suppose -914 = 3*g - 4283. Suppose -259 = -8*p - g. Let a = -103 - p. What are the prime factors of a?
5
What are the prime factors of 25437 + 5 - (-10 - -27)?
3, 5, 113
Suppose -329524 - 362690 = -19*b - 12527. List the prime factors of b.
83, 431
Let d be 6/(-21) + 1700/70. What are the prime factors of (-1 + 32)/((-117)/d - -5)?
2, 31
Suppose 3*w = 2*r - 2022, -205*w - 3038 = -3*r - 203*w. What are the prime factors of r?
2, 3, 13
Suppose 0 = -35*h + 21*h + 1202 - 6886. Let v(p) = -p + 1. Let f be v(3). List the prime factors of 1/(f/h) + -5.
2, 3, 11
Let o(j) = -15054*j**3 + 7*j + 5. List the prime factors of o(-1).
2, 53, 71
Suppose 21 = 5*b - 2*d, 0 = -5*b - 0*d + d + 23. Let r be 411/(-27) - (-4)/18. What are the prime factors of (-3)/b + (3096/r)/(-4)?
3, 17
Suppose 0 = 25*z - 66202 + 2527. What are the prime factors of z?
3, 283
Let c be (-114)/19*6/9. Let z(n) = -6*n**3 + 5*n**2 + 8*n - 4. What are the prime factors of z(c)?
2, 107
Let y = 8 + -25. Let s = -12 - y. Let z(c) = c**3 + 4*c**2 + 2*c + 7. List the prime factors of z(s).
2, 11
Suppose 2*o + m - 17700 = 0, 2*o + 4*m - 18911 = -1205. What are the prime factors of o?
8849
Let m(d) = -143*d + 675. List the prime factors of m(4).
103
Let v(f) be the second derivative of 0 - 17/2*f**2 + 1/2*f**4 + 1/20*f**5 - 14*f - 8/3*f**3. List the prime factors of v(-7).
2, 23
Let y be ((-9)/(-6))/((-84873)/(-21216) + -4). Suppose 3*b - 3*t = 3999, 481 + y = 3*b + 3*t. What are the prime factors of b?
2, 167
Suppose 46*f - 62152 = 78148. What are the prime factors of f?
2, 5, 61
Let n(d) = 16*d - 153. Suppose k - 5*q = 43, 3*q - 26 = 2*k - 84. What are the prime factors of n(k)?
5, 43
Let y be (16/6)/((-10)/(-24585)). Suppose y - 2664 = 7*c. What are the prime factors of c?
2, 139
Let i = -272 - -509. Suppose -2*r - 2*w - 21 = -231, 0 = 4*r + 2*w - 422. Let n = i - r. List the prime factors of n.
131
Suppose -954954 = 11*i - 64*i. List the prime factors of (i/(-495))/(2/(-20)).
2, 7, 13
Let q be (5 + -6 + 0)*-435. Suppose 0 = 2*m + m - 5*r + 269, 5*m + 5*r = -q. Let o = -39 - m. List the prime factors of o.
7
Suppose -11*k - 1 = -13*k - 3*j, 3*k + j + 9 = 0. Let r(d) = -99*d + 176. What are the prime factors of r(k)?
2, 11, 13
Let l(a) = -a + 6. Let i be l(6). Let z be -1*1*(i + 2 - 5). Suppose 0*v + 21 = 3*v - 3*r, 26 = 4*v - z*r. What are the prime factors of v?
5
Let c = -1903 + 14622. What are the prime factors of c?
7, 23, 79
Suppose -25 = -0*p - 5*p. Suppose -240*r + 128 = -208*r. Suppose 3*t + p*z - 59 = 176, 4*z + r = 0. What are the prime factors of t?
2, 5
Suppose 0 = 21*m - 20*m - 15. Let d = m + 62. What are the prime factors of d?
7, 11
Suppose -30*b - 3*v = -26*b - 40370, -5*b + 50477 = 11*v. What are the prime factors of b?
10091
Let l(o) = 77*o**3 - 11*o**2 + 10*o + 7. What are the prime factors of l(2)?
599
Let r(y) = 15*y**2 - 17*y + 49. Let h be r(5). Let l = h - 28. What are the prime factors of l?
311
Let b be 4*(0 - (-75)/10). Let v be 2655/25 + (-1)/5. Suppose 327 = 5*z - 4*a, a - v - b = -2*z. What are the prime factors of z?
67
Let s(b) = 8*b - 12. Let q be s(2). Suppose h = -q*l + 138, l - 6*l = -3*h + 380. List the prime factors of h.
2, 5, 13
Let k(s) = -s**2 - 8*s - 31. Let l be k(9). Let y = -48 - l. What are the prime factors of y?
2, 17
Let p(i) = 10969*i - 3913. What are the prime factors of p(3)?
2, 7, 19, 109
Let s = 98 + -263. Let o = 254 + s. List the prime factors of o.
89
Let x = 33084 - 22449. What are the prime factors of x?
3, 5, 709
Let p(k) = 45*k**2 + 81*k - 407. List the prime factors of p(-32).
67, 643
Suppose -2*p = 2*f - 4547 - 12439, 5*f = 20. What are the prime factors of p?
13, 653
Let h = 53 + -115. Let i = -106 - h. Let f = 40 - i. List the prime factors of f.
2, 3, 7
Suppose -20 = 2*a - 18, -2*a - 18839 = -3*t. List the prime factors of t.
3, 7, 13, 23
Let w(a) = 62*a**2 + 13*a + 1. Let h be (-2)/(2/5) - (-17 + 8). List the prime factors of w(h).
5, 11, 19
Let x(f) = -3*f**2 - 18*f - 54*f + 11*f + 480 + 2*f**2 - 523. List the prime factors of x(-20).
3, 7, 37
Suppose -101*k + 203*k = 1443198. List the prime factors of k.
14149
Let b be (-10 + 11)/(2/2)*3. List the prime factors of (1 + 42/b)*(-62)/(-2).
3, 5, 31
Suppose -4*z - 881 = -5*n + 203, -z - 216 = -n. Let r = 35 + 210. Suppose r + n = 3*d. What are the prime factors of d?
5, 31
Suppose -5*o + 5*d = -5350, -20 = 13*d - 17*d. What are the prime factors of o?
5, 43
Let m = -5816 + 14767. List the prime factors of m.
8951
Suppose 2*n + 2*x + 16 = 0, 4*x + 4 = 2*x. Let d(t) = 2*t**2 + 7*t + 25. Let c be d(n). Suppose h - c = 49. List the prime factors of h.
2, 13
Suppose -11*u - 1608 = -17*u. Let o be (-4)/(-14) - 8/28 - u. Let f = -142 - o. List the prime factors of f.
2, 3, 7
Let n = -13832 + 23985. List the prime factors of n.
11, 13, 71
Let b be ((-7)/(-21))/((-3)/(-765) + 0). Let q = -48 + b. What are the prime factors of q?
37
Let m = 52560 + -38175. What are the prime factors of m?
3, 5, 7, 137
Let j(f) = f**2 - f + 1. Let y be j(10). Let a = 103 + y. Suppose -14*t = -16*t + a. What are the prime factors of t?
97
Let z(l) = -2*l**3 + 13*l**2 + 10*l - 6. Let r be z(10). Let g be r/4*28/(-42). Suppose 3*m = 2*d + g, -3*m + d = -m - 69. List the prime factors of m.
37
Let p(l) = 4*l - 84. Let m be p(21). Suppose x - 5*t - 134 = -m*x, 0 = x - 4*t - 133. What are the prime factors of x?
3, 43
Suppose -14110 = 1599*v - 1604*v. What are the prime factors of v?
2, 17, 83
Suppose 8 = 3*p - 4. What are the prime factors of (5 - p)/(3/693)?
3, 7, 11
List the prime factors of (29229*(-20)/45)/(7/((-126)/12)).
2, 9743
Suppose 9*a + 92 = -14*a. Let x(w) be the first derivative of 2*w**3 - 2*w**2 - 10*w - 8. List the prime factors of x(a).
2, 3, 17
Let y(l) = -l**2 + 2*l. Let v(s) = 29*s**2 - 11*s - 4. Let w(r) = v(r) + 4*y(r). Let t(x) = x**2 - 6*x + 5. Let c be t(4). List the prime factors of w(c).
2, 5, 23
Let x(w) = w**2 - 11*w + 13. Let h be x(9). Let p(z) be the third derivative of -11*z**4/8 + 14*z**3/3 + z**2 + 44. What are the prime factors of p(h)?
193
Let m(g) = -2*g**2 + 5*g - 3. Let o be m(-5). Let y = 75 + o. List the prime factors of (y - -54*5) + 0 + 2.
269
Suppose -11 = -4*y - 3. Suppose i - y*o = -4 - 2, 4*o - 4 = -2*i. Let r(c) = 24*c**2 + c + 6. What are the prime factors of r(i)?
2, 5
Suppose 65*x - 13384370 = -256*x + 6938782. List the prime factors of x.
2, 3, 1319
Let g(o) = -10 - 2*o + 0 + 4 + 17*o**2. List the prime factors of g(4).
2, 3, 43
Let a be ((-24)/30)/((-8)/60). What are the prime factors of 167 + (-18)/a + 2?
2, 83
Let c(t) = t**3 - 2